34017 a prime number?
False
Is 765048527 composite?
False
Is 82620809459 composite?
True
Is 148676909 composite?
False
Is 110612651 a composite number?
False
Is 58660103501 a composite number?
True
Is 9844022967 composite?
True
Is 5285048719 prime?
True
Is 3025822061 composite?
True
Is 119447715661 composite?
False
Is 5636289073 a prime number?
True
Is 13513296949 a composite number?
True
Is 105121229 composite?
False
Is 15598733971 prime?
True
Is 23664602869 composite?
False
Is 3206758477 a prime number?
False
Is 2011847963 a composite number?
False
Is 3805362983 prime?
False
Is 10188448007 prime?
False
Is 19556179679 a prime number?
False
Is 3832250941 a composite number?
False
Is 238327993 composite?
True
Is 1383546823 a composite number?
False
Is 2587491209 composite?
True
Is 7191196963 a composite number?
False
Is 1459607659 a prime number?
False
Is 49223549 a composite number?
True
Is 8686394117 composite?
False
Is 732173081 a composite number?
True
Is 95891255945 prime?
False
Is 4863550189 a prime number?
True
Is 2854195129 prime?
False
Is 17706381527 a prime number?
False
Is 14396068081 a prime number?
False
Is 5350139 a prime number?
True
Is 207531707 a prime number?
False
Is 575142937 a prime number?
True
Is 110847125027 prime?
True
Is 155681666191 prime?
False
Is 681547419641 a prime number?
False
Is 1069163831 a composite number?
True
Is 407984671 prime?
True
Is 894178897 a prime number?
True
Is 657381643 a composite number?
False
Is 2911424899 prime?
True
Is 4302377383 composite?
False
Is 98047505687 a composite number?
False
Is 15148169237 prime?
True
Is 2522369489 prime?
True
Is 250268233 a prime number?
True
Is 1175800469 prime?
True
Is 205544041 a prime number?
True
Is 1473442727 a prime number?
True
Is 8022467081 a prime number?
False
Is 5873236151 prime?
True
Is 12529595111 prime?
False
Is 11592037741 composite?
True
Is 304636369 a prime number?
True
Is 3162331039 composite?
True
Is 1024355533 a prime number?
True
Is 29883795929 a prime number?
False
Is 33928175119 composite?
True
Is 13008617563 a composite number?
False
Is 5935672133 composite?
False
Is 117114149 a composite number?
True
Is 6073008529 prime?
False
Is 26568779 a composite number?
True
Is 37487569667 prime?
True
Is 72836447 prime?
True
Is 55085526859 a prime number?
False
Is 18729632911 a composite number?
True
Is 129458663 composite?
False
Is 11883391477 a prime number?
False
Is 3395093593 a prime number?
False
Is 6040369579 a composite number?
False
Is 20984985103 a composite number?
False
Is 19007370199 a prime number?
False
Is 123363761 composite?
True
Is 146162573203 composite?
False
Is 218379700381 a composite number?
False
Is 1575245657 a composite number?
False
Is 33640913 a prime number?
True
Is 31335173249 composite?
True
Is 498577249 prime?
False
Is 1333825829 a composite number?
True
Is 1134743377 prime?
True
Is 9506628049 prime?
True
Is 18299109449 a prime number?
True
Is 134288476463 a prime number?
False
Is 111512584751 a prime number?
True
Is 275258114897 composite?
False
Is 37987463 composite?
True
Is 3410861749 composite?
False
Is 9138833521 a composite number?
True
Is 26679758389 composite?
False
Is 295954007 a composite number?
False
Is 53969365585 prime?
False
Is 1927622119 a prime number?
False
Is 469655767 a prime number?
False
Is 102058493 a composite number?
False
Is 2282182621 a prime number?
True
Is 48941909 prime?
False
Is 47435917 composite?
False
Is 12505996861 composite?
False
Is 37664338991 a prime number?
False
Is 32839807151 a prime number?
True
Is 4845879967 a composite number?
True
Is 12282377091 a composite number?
True
Is 13122881879 a composite number?
True
Is 28489903481 a composite number?
True
Is 914060881 prime?
True
Is 49279483186 a prime number?
False
Is 70181616793 prime?
False
Is 647345323 a prime number?
True
Is 48094091497 composite?
True
Is 42233290969 a prime number?
False
Is 327529859 prime?
True
Is 1742183081 a prime number?
True
Is 15317731661 composite?
False
Is 3519756241 prime?
True
Is 2833967179 a composite number?
True
Is 13683817999 a prime number?
True
Is 794772461 prime?
False
Is 3470310187 prime?
False
Is 204547169 a composite number?
False
Is 731127571 a composite number?
False
Is 3408224167 prime?
True
Is 1115957417 prime?
True
Is 1459984079 prime?
True
Is 545148127 prime?
True
Is 58020233369 a composite number?
True
Is 5605975813 a prime number?
True
Is 1207803283 prime?
True
Is 2170874599 a prime number?
False
Is 2018402569 a prime number?
True
Is 4619388355 composite?
True
Is 280675009 prime?
True
Is 5879514551 composite?
True
Is 22867502993 a prime number?
True
Is 2227893281 composite?
False
Is 68271457633 a composite number?
True
Is 206788818497 composite?
True
Is 310638151 a prime number?
True
Is 657809923 composite?
False
Is 420149957 prime?
True
Is 1879380491 a prime number?
False
Is 21961748737 prime?
True
Is 31052385061 a prime number?
True
Is 3657401651 a composite number?
True
Is 49396761335 prime?
False
Is 2935749763 prime?
True
Is 34571607209 a prime number?
True
Is 66070986977 composite?
False
Is 9836918629 a prime number?
True
Is 5227762081 a composite number?
False
Is 199779077 a composite number?
False
Is 346899947 composite?
True
Is 570396103 a composite number?
False
Is 30941433053 composite?
True
Is 7895215619 prime?
True
Is 26358440111 composite?
False
Is 2040180581 a prime number?
False
Is 23018289341 composite?
True
Is 55125447437 a prime number?
True
Is 10613692303 a composite number?
True
Is 597071339 prime?
False
Is 5479854251 a composite number?
True
Is 94445083 prime?
False
Is 51617389721 prime?
False
Is 5248643987 composite?
True
Is 3116943833 prime?
False
Is 1363930597 prime?
False
Is 75843643517 a composite number?
False
Is 4606807 a prime number?
True
Is 16545228229 a prime number?
True
Is 278423969 composite?
False
Is 45727903 a prime number?
False
Is 7125913241 composite?
True
Is 79486298329 prime?
True
Is 4597865663 composite?
True
Is 2457361087 prime?
False
Is 1589636161 a composite number?
True
Is 1926983209 composite?
True
Is 540644267 prime?
False
Is 29792392079 a prime number?
False
Is 4241029787 composite?
False
Is 363153697 composite?
False
Is 56550208973 prime?
True
Is 6033320081 a prime number?
False
Is 139313984947 composite?
True
Is 153025413955 a prime number?
False
Is 3403451879 prime?
False
Is 3911086423 a prime number?
True
Is 10807111405 a prime number?
False
Is 9813163363 composite?
True
Is 528569997 a prime number?
False
Is 6468866601 a composite number?
True
Is 1040291017 composite?
False
Is 52314010673 a prime number?
False
Is 28466311 a composite number?
True
Is 15130596601 prime?
True
Is 36083041 composite?
False
Is 7618833253 a composite number?
True
Is 991443407 a composite number?
True
Is 320750023 composite?
True
Is 12656160047 a prime number?
False
Is 460771153 a composite number?
True
Is 130742455997 a composite number?
False
Is 1894304227 composite?
True
Is 9114329083 composite?
False
Is 49897067021 a prime number?
False
Is 1316458041 a composite number?
True
Is 472872241 a prime number?
False
Is 38529913 a composite number?
True
Is 1354617833 composite?
False
Is 6660412691 a composite number?
False
Is 8072678453 composite?
True
Is 3052803737 a composite number?
True
Is 5484048523 prime?
False
Is 3357040799 a composite number?
True
Is 95472047791 composite?
True
Is 1689339371 a composite number?
False
Is 1896329119 a composite number?
False
Is 636985939 a composite number?
False
Is 81537663799 a prime number?
False
Is 17015179639 composite?
True
Is 1780613377 composite?
True
Is 1861359218 prime?
False
Is 233840866681 composite?
False
Is 11194641313 a composite number?
False
Is 339101887 a composite number?
True
Is 702131779 composite?
True
Is 6030759641 a prime number?
False
Is 1673219221 prime?
True
Is 1830575933 composite?
False
Is 475913771 a composite number?
False
Is 17056856579 prime?
False
Is 158723787919 prime?
False
Is 227751331213 a prime number?
False
Is 24615114217 composite?
True
Is 2265816001 a composite number?
True
Is 2856102803 composite?
False
Is 9016536413 composite?
False
Is 7266343199 prime?
True
Is 1065623371 prime?
True
Is 19515447697 composite?
False
Is 2720558299 a composite number?
True
Is 90601561333